{"id":142,"date":"2018-01-13T12:13:36","date_gmt":"2018-01-13T11:13:36","guid":{"rendered":"http:\/\/www.clemensaugust.de\/franziskus\/?page_id=142"},"modified":"2024-02-03T19:22:51","modified_gmt":"2024-02-03T18:22:51","slug":"psychiatrisches-wohnheim","status":"publish","type":"page","link":"https:\/\/www.clemensaugust.de\/franziskus\/psychiatrisches-wohnheim\/","title":{"rendered":"Psychiatrisches Wohnheim"},"content":{"rendered":"<p><div class=\"fusion-fullwidth fullwidth-box fusion-builder-row-1 mobile-title2 nonhundred-percent-fullwidth non-hundred-percent-height-scrolling fusion-no-medium-visibility fusion-no-large-visibility\" style=\"--awb-border-radius-top-left:0px;--awb-border-radius-top-right:0px;--awb-border-radius-bottom-right:0px;--awb-border-radius-bottom-left:0px;--awb-flex-wrap:wrap;\" ><div class=\"fusion-builder-row fusion-row\"><div class=\"fusion-layout-column fusion_builder_column fusion-builder-column-0 fusion_builder_column_1_1 1_1 fusion-one-full fusion-column-first fusion-column-last\" style=\"--awb-bg-size:cover;\"><div class=\"fusion-column-wrapper fusion-flex-column-wrapper-legacy\"><div class=\"fusion-title title fusion-title-1 fusion-title-text fusion-title-size-one\"><h1 class=\"fusion-title-heading title-heading-left\" style=\"margin:0;\"><div class=\"fusion-title title fusion-sep-none fusion-title-center fusion-title-size-one fusion-border-below-title\">\n<h1 class=\"title-heading-center fusion-responsive-typography-calculated\" style=\"line-height: 0;\"><span class=\"keyword-title-2nd\" style=\"font-size: 2.3rem; line-height: 56px;\">Psychiatrisches Wohnheim<\/span><\/h1>\n<\/div><\/h1><span class=\"awb-title-spacer\"><\/span><div class=\"title-sep-container\"><div class=\"title-sep sep-double sep-solid\" style=\"border-color:#e0dede;\"><\/div><\/div><\/div><div class=\"fusion-clearfix\"><\/div><\/div><\/div><\/div><\/div><div class=\"fusion-fullwidth fullwidth-box fusion-builder-row-2 nonhundred-percent-fullwidth non-hundred-percent-height-scrolling\" style=\"--awb-border-radius-top-left:0px;--awb-border-radius-top-right:0px;--awb-border-radius-bottom-right:0px;--awb-border-radius-bottom-left:0px;--awb-flex-wrap:wrap;\" ><div class=\"fusion-builder-row fusion-row\"><div class=\"fusion-layout-column fusion_builder_column fusion-builder-column-1 fusion_builder_column_1_1 1_1 fusion-one-full fusion-column-first fusion-column-last\" style=\"--awb-bg-size:cover;\"><div class=\"fusion-column-wrapper fusion-flex-column-wrapper-legacy\"><div class=\"fusion-text fusion-text-1\"><h3>Zusammenleben in famili\u00e4rer Atmosph\u00e4re<\/h3>\n<p><i>In unseren Wohnbereichen f\u00fcr Menschen mit einer seelischen Erkrankung wird die Selbstst\u00e4ndigkeit der Bewohner gef\u00f6rdert. Das Zusammenleben findet in einer familien\u00e4hnlichen Atmosph\u00e4re statt.<\/i><\/p>\n<p>Das St. Franziskus-Stift verf\u00fcgt \u00fcber drei Eingliederungsbereiche, in denen erwachsene Menschen mit unterschiedlichsten seelischen Beeintr\u00e4chtigungen zusammenleben. Einer der insgesamt drei Bereiche bietet eine gesch\u00fctzte Wohnform, f\u00fcr die bestimmte gesetzliche Voraussetzungen notwendig sind. Die Eingliederungsbereiche sind mit Einzel- und Doppelzimmern ausgestattet. Sie verf\u00fcgen jeweils \u00fcber einen Tagesraum, in dem die Mahlzeiten gemeinsam eingenommen werden, \u00fcber weitere Gemeinschaftsr\u00e4ume und einen Zugang zum Garten.<\/p>\n<p>Durch individuelle F\u00f6rderangebote wird der Bewohner darin best\u00e4rkt, seine Selbstst\u00e4ndigkeit beizubehalten oder wiederzuerlangen. Er erh\u00e4lt Unterst\u00fctzung bei den verschiedenen T\u00e4tigkeiten, die im t\u00e4glichen Leben anfallen \u2013 etwa bei der Zimmerreinigung, dem Tisch- und K\u00fcchendienst sowie beim W\u00e4schetraining. Diese werden auf den Bewohner und seine individuellen St\u00e4rken abgestimmt und in den Tagesablauf integriert.<\/p>\n<p>Um das Wohnbereichsleben f\u00fcr die Bewohner attraktiv zu gestalten, finden regelm\u00e4\u00dfig Koch- und Spieleabende oder andere Freizeitaktivit\u00e4ten statt. Jeder Bewohner kann seine Interessen und neue Ideen einbringen. Es herrscht eine familien\u00e4hnliche Atmosph\u00e4re, in der sich jeder einzelne wohlf\u00fchlen soll. Jeder wird so akzeptiert und respektiert wie er ist.<\/p>\n<p>F\u00fcr den Bereich der Eingliederungshilfe gelten folgende Kriterien: Die Person muss vollj\u00e4hrig sowie wesentlich seelisch beeintr\u00e4chtigt sein und den Anforderungen der Eingliederungshilfe entsprechen. Nicht aufgenommen werden Personen, die akut suizidgef\u00e4hrdet sind, bzw. bei denen eine Aufnahme nach PsychKG vorliegt oder eine Suchterkrankung im Vordergrund steht.<\/p>\n<h3>Ihre Wohnm\u00f6glichkeiten:<\/h3>\n<p>Die Einrichtung kann Ihnen Einzelzimmer sowie Doppelzimmer anbieten.<\/p>\n<p>Bei einer Unterbringung im Doppelzimmer schauen wir sensibel, welche Menschen miteinander auskommen und ber\u00fccksichtigen deren W\u00fcnsche.<\/p>\n<p>Die Zimmer verf\u00fcgen teilweise \u00fcber ein eigenes Bad. Selbstverst\u00e4ndlich k\u00f6nnen Sie Ihr Zimmer nach Ihren W\u00fcnschen gestalten und einzelne liebgewonnene M\u00f6bel und Gegenst\u00e4nde mitbringen.<\/p>\n<\/div><div class=\"awb-gallery-wrapper awb-gallery-wrapper-1 button-span-no\"><div style=\"margin:-5px;--awb-bordersize:0px;\" class=\"fusion-gallery fusion-gallery-container fusion-grid-3 fusion-columns-total-3 fusion-gallery-layout-grid fusion-gallery-1\"><div style=\"padding:5px;\" class=\"fusion-grid-column fusion-gallery-column fusion-gallery-column-3 hover-type-none\"><div class=\"fusion-gallery-image\"><a href=\"https:\/\/www.clemensaugust.de\/franziskus\/wp-content\/uploads\/sites\/8\/2019\/07\/Bew.-zimmer-Doppel-Eingliederung.jpg.jpg\" data-title=\"Franziskus-Stift Steinfeld\" title=\"Franziskus-Stift Steinfeld\" data-caption=\"Bew.-zimmer Doppel Eingliederung\" rel=\"noreferrer\" data-rel=\"iLightbox[gallery_image_1]\" class=\"fusion-lightbox\" target=\"_self\"><img decoding=\"async\" src=\"https:\/\/www.clemensaugust.de\/franziskus\/wp-content\/uploads\/sites\/8\/2019\/07\/Bew.-zimmer-Doppel-Eingliederung.jpg.jpg\" width=\"4000\" height=\"2667\" alt=\"\" title=\"Franziskus-Stift Steinfeld\" aria-label=\"Franziskus-Stift Steinfeld\" class=\"img-responsive wp-image-1033\" srcset=\"https:\/\/www.clemensaugust.de\/franziskus\/wp-content\/uploads\/sites\/8\/2019\/07\/Bew.-zimmer-Doppel-Eingliederung.jpg-200x133.jpg 200w, https:\/\/www.clemensaugust.de\/franziskus\/wp-content\/uploads\/sites\/8\/2019\/07\/Bew.-zimmer-Doppel-Eingliederung.jpg-400x267.jpg 400w, https:\/\/www.clemensaugust.de\/franziskus\/wp-content\/uploads\/sites\/8\/2019\/07\/Bew.-zimmer-Doppel-Eingliederung.jpg-600x400.jpg 600w, https:\/\/www.clemensaugust.de\/franziskus\/wp-content\/uploads\/sites\/8\/2019\/07\/Bew.-zimmer-Doppel-Eingliederung.jpg-800x533.jpg 800w, https:\/\/www.clemensaugust.de\/franziskus\/wp-content\/uploads\/sites\/8\/2019\/07\/Bew.-zimmer-Doppel-Eingliederung.jpg-1200x800.jpg 1200w, https:\/\/www.clemensaugust.de\/franziskus\/wp-content\/uploads\/sites\/8\/2019\/07\/Bew.-zimmer-Doppel-Eingliederung.jpg.jpg 4000w\" sizes=\"(min-width: 2200px) 100vw, (min-width: 784px) 397px, (min-width: 712px) 595px, (min-width: 640px) 712px, \" \/><\/a><\/div><\/div><div style=\"padding:5px;\" class=\"fusion-grid-column fusion-gallery-column fusion-gallery-column-3 hover-type-none\"><div class=\"fusion-gallery-image\"><a href=\"https:\/\/www.clemensaugust.de\/franziskus\/wp-content\/uploads\/sites\/8\/2019\/07\/Bew.-zimmer-Einzel-Pflege-2.jpg.jpg\" data-title=\"Franziskus-Stift Steinfeld\" title=\"Franziskus-Stift Steinfeld\" data-caption=\"Bew. zimmer Einzel Pflege 2\" rel=\"noreferrer\" data-rel=\"iLightbox[gallery_image_1]\" class=\"fusion-lightbox\" target=\"_self\"><img decoding=\"async\" src=\"https:\/\/www.clemensaugust.de\/franziskus\/wp-content\/uploads\/sites\/8\/2019\/07\/Bew.-zimmer-Einzel-Pflege-2.jpg.jpg\" width=\"4000\" height=\"2667\" alt=\"\" title=\"Franziskus-Stift Steinfeld\" aria-label=\"Franziskus-Stift Steinfeld\" class=\"img-responsive wp-image-1032\" srcset=\"https:\/\/www.clemensaugust.de\/franziskus\/wp-content\/uploads\/sites\/8\/2019\/07\/Bew.-zimmer-Einzel-Pflege-2.jpg-200x133.jpg 200w, https:\/\/www.clemensaugust.de\/franziskus\/wp-content\/uploads\/sites\/8\/2019\/07\/Bew.-zimmer-Einzel-Pflege-2.jpg-400x267.jpg 400w, https:\/\/www.clemensaugust.de\/franziskus\/wp-content\/uploads\/sites\/8\/2019\/07\/Bew.-zimmer-Einzel-Pflege-2.jpg-600x400.jpg 600w, https:\/\/www.clemensaugust.de\/franziskus\/wp-content\/uploads\/sites\/8\/2019\/07\/Bew.-zimmer-Einzel-Pflege-2.jpg-800x533.jpg 800w, https:\/\/www.clemensaugust.de\/franziskus\/wp-content\/uploads\/sites\/8\/2019\/07\/Bew.-zimmer-Einzel-Pflege-2.jpg-1200x800.jpg 1200w, https:\/\/www.clemensaugust.de\/franziskus\/wp-content\/uploads\/sites\/8\/2019\/07\/Bew.-zimmer-Einzel-Pflege-2.jpg.jpg 4000w\" sizes=\"(min-width: 2200px) 100vw, (min-width: 784px) 397px, (min-width: 712px) 595px, (min-width: 640px) 712px, \" \/><\/a><\/div><\/div><div style=\"padding:5px;\" class=\"fusion-grid-column fusion-gallery-column fusion-gallery-column-3 hover-type-none\"><div class=\"fusion-gallery-image\"><a href=\"https:\/\/www.clemensaugust.de\/franziskus\/wp-content\/uploads\/sites\/8\/2019\/07\/Bew.-zimmer-Einzel-Eingliederung.jpg.jpg\" data-title=\"Franziskus-Stift Steinfeld\" title=\"Franziskus-Stift Steinfeld\" data-caption=\"Bew.-zimmer Einzel Eingliederung\" rel=\"noreferrer\" data-rel=\"iLightbox[gallery_image_1]\" class=\"fusion-lightbox\" target=\"_self\"><img decoding=\"async\" src=\"https:\/\/www.clemensaugust.de\/franziskus\/wp-content\/uploads\/sites\/8\/2019\/07\/Bew.-zimmer-Einzel-Eingliederung.jpg.jpg\" width=\"4000\" height=\"2667\" alt=\"\" title=\"Franziskus-Stift Steinfeld\" aria-label=\"Franziskus-Stift Steinfeld\" class=\"img-responsive wp-image-1034\" srcset=\"https:\/\/www.clemensaugust.de\/franziskus\/wp-content\/uploads\/sites\/8\/2019\/07\/Bew.-zimmer-Einzel-Eingliederung.jpg-200x133.jpg 200w, https:\/\/www.clemensaugust.de\/franziskus\/wp-content\/uploads\/sites\/8\/2019\/07\/Bew.-zimmer-Einzel-Eingliederung.jpg-400x267.jpg 400w, https:\/\/www.clemensaugust.de\/franziskus\/wp-content\/uploads\/sites\/8\/2019\/07\/Bew.-zimmer-Einzel-Eingliederung.jpg-600x400.jpg 600w, https:\/\/www.clemensaugust.de\/franziskus\/wp-content\/uploads\/sites\/8\/2019\/07\/Bew.-zimmer-Einzel-Eingliederung.jpg-800x533.jpg 800w, https:\/\/www.clemensaugust.de\/franziskus\/wp-content\/uploads\/sites\/8\/2019\/07\/Bew.-zimmer-Einzel-Eingliederung.jpg-1200x800.jpg 1200w, https:\/\/www.clemensaugust.de\/franziskus\/wp-content\/uploads\/sites\/8\/2019\/07\/Bew.-zimmer-Einzel-Eingliederung.jpg.jpg 4000w\" sizes=\"(min-width: 2200px) 100vw, (min-width: 784px) 397px, (min-width: 712px) 595px, (min-width: 640px) 712px, \" \/><\/a><\/div><\/div><div class=\"clearfix\"><\/div><\/div><\/div><div class=\"fusion-sep-clear\"><\/div><div class=\"fusion-separator fusion-full-width-sep\" style=\"margin-left: auto;margin-right: auto;margin-top:40px;margin-bottom:30px;width:100%;\"><div class=\"fusion-separator-border sep-single sep-solid\" style=\"--awb-height:20px;--awb-amount:20px;--awb-sep-color:#fff200;border-color:#fff200;border-top-width:5px;\"><\/div><\/div><div class=\"fusion-sep-clear\"><\/div><div class=\"fusion-clearfix\"><\/div><\/div><\/div><\/div><\/div><div class=\"fusion-fullwidth fullwidth-box fusion-builder-row-3 nonhundred-percent-fullwidth non-hundred-percent-height-scrolling\" style=\"--awb-border-radius-top-left:0px;--awb-border-radius-top-right:0px;--awb-border-radius-bottom-right:0px;--awb-border-radius-bottom-left:0px;--awb-margin-bottom:100px;--awb-flex-wrap:wrap;\" ><div class=\"fusion-builder-row fusion-row\"><div class=\"fusion-layout-column fusion_builder_column fusion-builder-column-2 fusion_builder_column_1_2 1_2 fusion-one-half fusion-column-first\" style=\"--awb-bg-size:cover;width:50%;width:calc(50% - ( ( 4% ) * 0.5 ) );margin-right: 4%;\"><div class=\"fusion-column-wrapper fusion-flex-column-wrapper-legacy\"><div class=\"fusion-image-element fusion-image-align-center in-legacy-container\" style=\"text-align:center;--awb-caption-title-font-family:var(--h2_typography-font-family);--awb-caption-title-font-weight:var(--h2_typography-font-weight);--awb-caption-title-font-style:var(--h2_typography-font-style);--awb-caption-title-size:var(--h2_typography-font-size);--awb-caption-title-transform:var(--h2_typography-text-transform);--awb-caption-title-line-height:var(--h2_typography-line-height);--awb-caption-title-letter-spacing:var(--h2_typography-letter-spacing);\"><div class=\"imageframe-align-center\"><span class=\" fusion-imageframe imageframe-none imageframe-1 hover-type-none\"><a class=\"fusion-no-lightbox\" href=\"https:\/\/www.clemensaugust.de\/franziskus\/geschlossener-wohnbereich\/\" target=\"_self\" aria-label=\"Franziskus-Stift Steinfeld\"><img decoding=\"async\" width=\"460\" height=\"306\" src=\"http:\/\/clemensaugust.de\/franziskus\/wp-content\/uploads\/sites\/8\/2019\/07\/Blick-in-den-gesch\u00fctzten-Garten.jpg-460x306.jpg\" alt class=\"img-responsive wp-image-1036\" srcset=\"https:\/\/www.clemensaugust.de\/franziskus\/wp-content\/uploads\/sites\/8\/2019\/07\/Blick-in-den-gesch\u00fctzten-Garten.jpg-200x133.jpg 200w, https:\/\/www.clemensaugust.de\/franziskus\/wp-content\/uploads\/sites\/8\/2019\/07\/Blick-in-den-gesch\u00fctzten-Garten.jpg-400x267.jpg 400w, https:\/\/www.clemensaugust.de\/franziskus\/wp-content\/uploads\/sites\/8\/2019\/07\/Blick-in-den-gesch\u00fctzten-Garten.jpg-600x400.jpg 600w, https:\/\/www.clemensaugust.de\/franziskus\/wp-content\/uploads\/sites\/8\/2019\/07\/Blick-in-den-gesch\u00fctzten-Garten.jpg-800x533.jpg 800w, https:\/\/www.clemensaugust.de\/franziskus\/wp-content\/uploads\/sites\/8\/2019\/07\/Blick-in-den-gesch\u00fctzten-Garten.jpg-1200x800.jpg 1200w, https:\/\/www.clemensaugust.de\/franziskus\/wp-content\/uploads\/sites\/8\/2019\/07\/Blick-in-den-gesch\u00fctzten-Garten.jpg.jpg 4000w\" sizes=\"(max-width: 800px) 100vw, 600px\" \/><\/a><\/span><\/div><\/div><div class=\"fusion-text fusion-text-2\"><h3 style=\"text-align: center;\"><a href=\"https:\/\/www.clemensaugust.de\/franziskus\/geschlossener-wohnbereich\/\">Geschlossener Wohnbereich \u203a<\/a><\/h3>\n<p style=\"text-align: center;\">Hier bieten wir 17 Bewohnern eine besonders gesch\u00fctzte Wohnm\u00f6glichkeit in Einzel- und Doppelzimmern.<\/p>\n<\/div><div class=\"fusion-sep-clear\"><\/div><div class=\"fusion-separator fusion-full-width-sep\" style=\"margin-left: auto;margin-right: auto;margin-top:20px;margin-bottom:40px;width:100%;\"><div class=\"fusion-separator-border sep-single sep-solid\" style=\"--awb-height:20px;--awb-amount:20px;--awb-sep-color:#fff200;border-color:#fff200;border-top-width:5px;\"><\/div><\/div><div class=\"fusion-sep-clear\"><\/div><div class=\"fusion-clearfix\"><\/div><\/div><\/div><div class=\"fusion-layout-column fusion_builder_column fusion-builder-column-3 fusion_builder_column_1_2 1_2 fusion-one-half fusion-column-last\" style=\"--awb-bg-size:cover;width:50%;width:calc(50% - ( ( 4% ) * 0.5 ) );\"><div class=\"fusion-column-wrapper fusion-flex-column-wrapper-legacy\"><div class=\"fusion-image-element fusion-image-align-center in-legacy-container\" style=\"text-align:center;--awb-caption-title-font-family:var(--h2_typography-font-family);--awb-caption-title-font-weight:var(--h2_typography-font-weight);--awb-caption-title-font-style:var(--h2_typography-font-style);--awb-caption-title-size:var(--h2_typography-font-size);--awb-caption-title-transform:var(--h2_typography-text-transform);--awb-caption-title-line-height:var(--h2_typography-line-height);--awb-caption-title-letter-spacing:var(--h2_typography-letter-spacing);\"><div class=\"imageframe-align-center\"><span class=\" fusion-imageframe imageframe-none imageframe-2 hover-type-none\"><a class=\"fusion-no-lightbox\" href=\"https:\/\/www.clemensaugust.de\/franziskus\/wohnbereichsleben\/\" target=\"_self\" aria-label=\"Franziskus-Stift Steinfeld\"><img decoding=\"async\" width=\"460\" height=\"306\" src=\"http:\/\/clemensaugust.de\/franziskus\/wp-content\/uploads\/sites\/8\/2019\/07\/Mittagessen-1.jpg-460x306.jpg\" alt class=\"img-responsive wp-image-1070\" srcset=\"https:\/\/www.clemensaugust.de\/franziskus\/wp-content\/uploads\/sites\/8\/2019\/07\/Mittagessen-1.jpg-200x133.jpg 200w, https:\/\/www.clemensaugust.de\/franziskus\/wp-content\/uploads\/sites\/8\/2019\/07\/Mittagessen-1.jpg-400x267.jpg 400w, https:\/\/www.clemensaugust.de\/franziskus\/wp-content\/uploads\/sites\/8\/2019\/07\/Mittagessen-1.jpg-600x400.jpg 600w, https:\/\/www.clemensaugust.de\/franziskus\/wp-content\/uploads\/sites\/8\/2019\/07\/Mittagessen-1.jpg-800x533.jpg 800w, https:\/\/www.clemensaugust.de\/franziskus\/wp-content\/uploads\/sites\/8\/2019\/07\/Mittagessen-1.jpg-1200x800.jpg 1200w, https:\/\/www.clemensaugust.de\/franziskus\/wp-content\/uploads\/sites\/8\/2019\/07\/Mittagessen-1.jpg.jpg 4000w\" sizes=\"(max-width: 800px) 100vw, 600px\" \/><\/a><\/span><\/div><\/div><div class=\"fusion-text fusion-text-3\"><h3 style=\"text-align: center;\"><a href=\"https:\/\/www.clemensaugust.de\/franziskus\/wohnbereichsleben\/\">Wohnbereichsleben \u203a<\/a><\/h3>\n<p style=\"text-align: center;\">Hier k\u00f6nnen Sie sich den Tagesablauf im Wohnbereichsleben n\u00e4her anschauen.<\/p>\n<\/div><div class=\"fusion-sep-clear\"><\/div><div class=\"fusion-separator fusion-full-width-sep\" style=\"margin-left: auto;margin-right: auto;margin-top:20px;margin-bottom:40px;width:100%;\"><div class=\"fusion-separator-border sep-single sep-solid\" style=\"--awb-height:20px;--awb-amount:20px;--awb-sep-color:#fff200;border-color:#fff200;border-top-width:5px;\"><\/div><\/div><div class=\"fusion-sep-clear\"><\/div><div class=\"fusion-clearfix\"><\/div><\/div><\/div><div class=\"fusion-layout-column fusion_builder_column fusion-builder-column-4 fusion_builder_column_1_1 1_1 fusion-one-full fusion-column-first fusion-column-last\" style=\"--awb-bg-size:cover;\"><div class=\"fusion-column-wrapper fusion-flex-column-wrapper-legacy\"><div class=\"fusion-image-element fusion-image-align-center in-legacy-container\" style=\"text-align:center;--awb-caption-title-font-family:var(--h2_typography-font-family);--awb-caption-title-font-weight:var(--h2_typography-font-weight);--awb-caption-title-font-style:var(--h2_typography-font-style);--awb-caption-title-size:var(--h2_typography-font-size);--awb-caption-title-transform:var(--h2_typography-text-transform);--awb-caption-title-line-height:var(--h2_typography-line-height);--awb-caption-title-letter-spacing:var(--h2_typography-letter-spacing);\"><div class=\"imageframe-align-center\"><span class=\" fusion-imageframe imageframe-none imageframe-3 hover-type-none\"><a class=\"fusion-no-lightbox\" href=\"https:\/\/www.clemensaugust.de\/franziskus\/heiminterne-tagesstruktur\/\" target=\"_self\" aria-label=\"Franziskus-Stift Steinfeld\"><img decoding=\"async\" width=\"460\" height=\"306\" src=\"http:\/\/clemensaugust.de\/franziskus\/wp-content\/uploads\/sites\/8\/2019\/07\/Hochbett-Gartenarbeit-3.jpg-460x306.jpg\" alt class=\"img-responsive wp-image-1055\" srcset=\"https:\/\/www.clemensaugust.de\/franziskus\/wp-content\/uploads\/sites\/8\/2019\/07\/Hochbett-Gartenarbeit-3.jpg-200x133.jpg 200w, https:\/\/www.clemensaugust.de\/franziskus\/wp-content\/uploads\/sites\/8\/2019\/07\/Hochbett-Gartenarbeit-3.jpg-400x267.jpg 400w, https:\/\/www.clemensaugust.de\/franziskus\/wp-content\/uploads\/sites\/8\/2019\/07\/Hochbett-Gartenarbeit-3.jpg-600x400.jpg 600w, https:\/\/www.clemensaugust.de\/franziskus\/wp-content\/uploads\/sites\/8\/2019\/07\/Hochbett-Gartenarbeit-3.jpg-800x533.jpg 800w, https:\/\/www.clemensaugust.de\/franziskus\/wp-content\/uploads\/sites\/8\/2019\/07\/Hochbett-Gartenarbeit-3.jpg-1200x800.jpg 1200w, https:\/\/www.clemensaugust.de\/franziskus\/wp-content\/uploads\/sites\/8\/2019\/07\/Hochbett-Gartenarbeit-3.jpg.jpg 4000w\" sizes=\"(max-width: 800px) 100vw, 460px\" \/><\/a><\/span><\/div><\/div><div class=\"fusion-text fusion-text-4\"><h3 style=\"text-align: center;\"><a href=\"https:\/\/www.clemensaugust.de\/franziskus\/heiminterne-tagesstruktur\/\">Heiminterne Tagesstruktur \u203a<\/a><\/h3>\n<p style=\"text-align: center;\">Individuelle F\u00f6rderung im Therapiezentrum<\/p>\n<\/div><div class=\"fusion-sep-clear\"><\/div><div class=\"fusion-separator fusion-full-width-sep\" style=\"margin-left: auto;margin-right: auto;margin-top:20px;margin-bottom:0px;width:100%;\"><div class=\"fusion-separator-border sep-single sep-solid\" style=\"--awb-height:20px;--awb-amount:20px;--awb-sep-color:#fff200;border-color:#fff200;border-top-width:5px;\"><\/div><\/div><div class=\"fusion-sep-clear\"><\/div><div class=\"fusion-clearfix\"><\/div><\/div><\/div><\/div><\/div><\/p>\n","protected":false},"excerpt":{"rendered":"","protected":false},"author":1,"featured_media":0,"parent":0,"menu_order":0,"comment_status":"closed","ping_status":"closed","template":"","meta":{"footnotes":"","_links_to":"","_links_to_target":""},"_links":{"self":[{"href":"https:\/\/www.clemensaugust.de\/franziskus\/wp-json\/wp\/v2\/pages\/142"}],"collection":[{"href":"https:\/\/www.clemensaugust.de\/franziskus\/wp-json\/wp\/v2\/pages"}],"about":[{"href":"https:\/\/www.clemensaugust.de\/franziskus\/wp-json\/wp\/v2\/types\/page"}],"author":[{"embeddable":true,"href":"https:\/\/www.clemensaugust.de\/franziskus\/wp-json\/wp\/v2\/users\/1"}],"replies":[{"embeddable":true,"href":"https:\/\/www.clemensaugust.de\/franziskus\/wp-json\/wp\/v2\/comments?post=142"}],"version-history":[{"count":11,"href":"https:\/\/www.clemensaugust.de\/franziskus\/wp-json\/wp\/v2\/pages\/142\/revisions"}],"predecessor-version":[{"id":1364,"href":"https:\/\/www.clemensaugust.de\/franziskus\/wp-json\/wp\/v2\/pages\/142\/revisions\/1364"}],"wp:attachment":[{"href":"https:\/\/www.clemensaugust.de\/franziskus\/wp-json\/wp\/v2\/media?parent=142"}],"curies":[{"name":"wp","href":"https:\/\/api.w.org\/{rel}","templated":true}]}}