{"id":17,"date":"2018-01-07T14:09:47","date_gmt":"2018-01-07T13:09:47","guid":{"rendered":"http:\/\/www.clemensaugust.de\/franziskus\/?page_id=17"},"modified":"2025-07-24T09:10:18","modified_gmt":"2025-07-24T07:10:18","slug":"geschlossener-wohnbereich","status":"publish","type":"page","link":"https:\/\/www.clemensaugust.de\/franziskus\/geschlossener-wohnbereich\/","title":{"rendered":"Geschlossener Wohnbereich"},"content":{"rendered":"<p><div class=\"fusion-fullwidth fullwidth-box fusion-builder-row-1 nonhundred-percent-fullwidth non-hundred-percent-height-scrolling\" style=\"--awb-border-radius-top-left:0px;--awb-border-radius-top-right:0px;--awb-border-radius-bottom-right:0px;--awb-border-radius-bottom-left:0px;--awb-margin-bottom:100px;--awb-flex-wrap:wrap;\" ><div class=\"fusion-builder-row fusion-row\"><div class=\"fusion-layout-column fusion_builder_column fusion-builder-column-0 fusion_builder_column_1_1 1_1 fusion-one-full fusion-column-first fusion-column-last\" style=\"--awb-bg-size:cover;--awb-margin-bottom:0px;\"><div class=\"fusion-column-wrapper fusion-flex-column-wrapper-legacy\"><div class=\"fusion-text fusion-text-1\"><h2><b>Unser geschlossener Wohnbereich<\/b><\/h2>\n<p><i>Gut gesch\u00fctzt und intensiv gef\u00f6rdert werden die Bewohner in unserem geschlossenen Wohnbereich. Ziel ist es, vorhandene seelische Behinderungen zu mildern, so dass eine Eingliederung in die Gesellschaft gelingen kann.<\/i><\/p>\n<p><img decoding=\"async\" class=\"alignleft wp-image-1037 size-large\" src=\"http:\/\/clemensaugust.de\/franziskus\/wp-content\/uploads\/sites\/8\/2019\/07\/Spaziergang-gesch\u00fctzter-Garten.jpg-460x306.jpg\" alt=\"\" width=\"460\" height=\"306\" srcset=\"https:\/\/www.clemensaugust.de\/franziskus\/wp-content\/uploads\/sites\/8\/2019\/07\/Spaziergang-gesch\u00fctzter-Garten.jpg-140x93.jpg 140w, https:\/\/www.clemensaugust.de\/franziskus\/wp-content\/uploads\/sites\/8\/2019\/07\/Spaziergang-gesch\u00fctzter-Garten.jpg-200x133.jpg 200w, https:\/\/www.clemensaugust.de\/franziskus\/wp-content\/uploads\/sites\/8\/2019\/07\/Spaziergang-gesch\u00fctzter-Garten.jpg-220x146.jpg 220w, https:\/\/www.clemensaugust.de\/franziskus\/wp-content\/uploads\/sites\/8\/2019\/07\/Spaziergang-gesch\u00fctzter-Garten.jpg-300x200.jpg 300w, https:\/\/www.clemensaugust.de\/franziskus\/wp-content\/uploads\/sites\/8\/2019\/07\/Spaziergang-gesch\u00fctzter-Garten.jpg-400x267.jpg 400w, https:\/\/www.clemensaugust.de\/franziskus\/wp-content\/uploads\/sites\/8\/2019\/07\/Spaziergang-gesch\u00fctzter-Garten.jpg-460x306.jpg 460w, https:\/\/www.clemensaugust.de\/franziskus\/wp-content\/uploads\/sites\/8\/2019\/07\/Spaziergang-gesch\u00fctzter-Garten.jpg-600x400.jpg 600w, https:\/\/www.clemensaugust.de\/franziskus\/wp-content\/uploads\/sites\/8\/2019\/07\/Spaziergang-gesch\u00fctzter-Garten.jpg-768x512.jpg 768w, https:\/\/www.clemensaugust.de\/franziskus\/wp-content\/uploads\/sites\/8\/2019\/07\/Spaziergang-gesch\u00fctzter-Garten.jpg-800x533.jpg 800w, https:\/\/www.clemensaugust.de\/franziskus\/wp-content\/uploads\/sites\/8\/2019\/07\/Spaziergang-gesch\u00fctzter-Garten.jpg-1200x800.jpg 1200w, https:\/\/www.clemensaugust.de\/franziskus\/wp-content\/uploads\/sites\/8\/2019\/07\/Spaziergang-gesch\u00fctzter-Garten.jpg.jpg 4000w\" sizes=\"(max-width: 460px) 100vw, 460px\" \/>In unserem Wohnheim f\u00fcr seelisch behinderte Menschen gibt es einen geschlossenen Wohnbereich. Hier bieten wir 17 Bewohnern eine besonders gesch\u00fctzte Wohnm\u00f6glichkeit in Einzel- und Doppelzimmern. Voraussetzung f\u00fcr die Aufnahme ist ein amtsrichterlicher Beschluss nach dem Betreuungsgesetz (\u00a71831 BGB). Unser geschlossener Wohnbereich befindet sich im Erdgeschoss. Hier stehen Gemeinschaftsr\u00e4ume sowie ein Zugang in den gesch\u00fctzten Gartenbereich zur Verf\u00fcgung.<\/p>\n<p>Aufgrund der Erkrankungen der Bewohner k\u00f6nnen im sozioemotionalen, psychomotorischen, kognitiven, emotionalen, lebenspraktischen und im Freizeitbereich Defizite bestehen. Unser vorrangiges Ziel ist es, die bestehende Eigengef\u00e4hrdung jedes einzelnen Bewohners so zu minimieren, dass eine geschlossene Unterbringung nicht mehr erforderlich ist. Mit unseren Therapieangeboten und der Betreuung wollen wir unseren Bewohnern eine m\u00f6glichst selbstbestimmte Lebensf\u00fchrung erm\u00f6glichen, sie darin best\u00e4rken und begleiten. Vorhandene seelische Behinderungen und deren Folgen sollen gemildert werden, so dass eine Eingliederung in die Gesellschaft gelingen kann.<\/p>\n<p>Im Vordergrund unserer Arbeit steht die intensive F\u00f6rderung nach dem individuellen Hilfebedarf der Bewohner. In einem Rahmenplan f\u00fcr den Wohnbereich werden feste Aufgaben mit jedem Bewohner geplant (Tischdienst, W\u00e4schetraining usw.). Au\u00dferdem werden wechselnde Gruppen angeboten, z.B.: Einkaufsgruppe, Sportgruppe, Spielgruppe.<\/p>\n<\/div><div class=\"fusion-clearfix\"><\/div><\/div><\/div><\/div><\/div><div class=\"fusion-fullwidth fullwidth-box fusion-builder-row-2 content-bottom nonhundred-percent-fullwidth non-hundred-percent-height-scrolling\" style=\"--awb-border-radius-top-left:0px;--awb-border-radius-top-right:0px;--awb-border-radius-bottom-right:0px;--awb-border-radius-bottom-left:0px;--awb-padding-top:60px;--awb-padding-bottom:20px;--awb-background-color:#efefef;--awb-flex-wrap:wrap;\" ><div class=\"fusion-builder-row fusion-row\"><div class=\"fusion-layout-column fusion_builder_column fusion-builder-column-1 fusion_builder_column_1_3 1_3 fusion-one-third fusion-column-first\" style=\"--awb-bg-blend:overlay;--awb-bg-size:cover;width:33.3333333333%;width:calc(33.3333333333% - ( ( 4% + 4% ) * 0.333333333333 ) );margin-right: 4%;\"><div class=\"fusion-column-wrapper fusion-flex-column-wrapper-legacy\"><div class=\"fusion-image-element fusion-image-align-center in-legacy-container\" style=\"text-align:center;--awb-caption-title-font-family:var(--h2_typography-font-family);--awb-caption-title-font-weight:var(--h2_typography-font-weight);--awb-caption-title-font-style:var(--h2_typography-font-style);--awb-caption-title-size:var(--h2_typography-font-size);--awb-caption-title-transform:var(--h2_typography-text-transform);--awb-caption-title-line-height:var(--h2_typography-line-height);--awb-caption-title-letter-spacing:var(--h2_typography-letter-spacing);\"><div class=\"imageframe-align-center\"><span class=\" fusion-imageframe imageframe-none imageframe-1 hover-type-none\"><a class=\"fusion-no-lightbox\" href=\"https:\/\/www.clemensaugust.de\/franziskus\/psychiatrisches-wohnheim\/\" target=\"_self\" aria-label=\"Franziskus-Stift Steinfeld\"><img decoding=\"async\" width=\"460\" height=\"306\" src=\"http:\/\/clemensaugust.de\/franziskus\/wp-content\/uploads\/sites\/8\/2018\/02\/Kickern-1.jpg-460x306.jpg\" alt class=\"img-responsive wp-image-1031\" srcset=\"https:\/\/www.clemensaugust.de\/franziskus\/wp-content\/uploads\/sites\/8\/2018\/02\/Kickern-1.jpg-200x133.jpg 200w, https:\/\/www.clemensaugust.de\/franziskus\/wp-content\/uploads\/sites\/8\/2018\/02\/Kickern-1.jpg-400x267.jpg 400w, https:\/\/www.clemensaugust.de\/franziskus\/wp-content\/uploads\/sites\/8\/2018\/02\/Kickern-1.jpg-600x400.jpg 600w, https:\/\/www.clemensaugust.de\/franziskus\/wp-content\/uploads\/sites\/8\/2018\/02\/Kickern-1.jpg-800x533.jpg 800w, https:\/\/www.clemensaugust.de\/franziskus\/wp-content\/uploads\/sites\/8\/2018\/02\/Kickern-1.jpg-1200x800.jpg 1200w, https:\/\/www.clemensaugust.de\/franziskus\/wp-content\/uploads\/sites\/8\/2018\/02\/Kickern-1.jpg.jpg 4000w\" sizes=\"(max-width: 800px) 100vw, 400px\" \/><\/a><\/span><\/div><\/div><div class=\"fusion-text fusion-text-2\"><p style=\"text-align: center\"><strong><a href=\"https:\/\/www.clemensaugust.de\/franziskus\/psychiatrisches-wohnheim\/\">Psychiatrisches Wohnheim <span class=\"redlink\">&gt;<\/span><\/a><\/strong><\/p>\n<\/div><div class=\"fusion-clearfix\"><\/div><\/div><\/div><div class=\"fusion-layout-column fusion_builder_column fusion-builder-column-2 fusion_builder_column_1_3 1_3 fusion-one-third\" style=\"--awb-bg-blend:overlay;--awb-bg-size:cover;width:33.3333333333%;width:calc(33.3333333333% - ( ( 4% + 4% ) * 0.333333333333 ) );margin-right: 4%;\"><div class=\"fusion-column-wrapper fusion-flex-column-wrapper-legacy\"><div class=\"fusion-image-element fusion-image-align-center in-legacy-container\" style=\"text-align:center;--awb-caption-title-font-family:var(--h2_typography-font-family);--awb-caption-title-font-weight:var(--h2_typography-font-weight);--awb-caption-title-font-style:var(--h2_typography-font-style);--awb-caption-title-size:var(--h2_typography-font-size);--awb-caption-title-transform:var(--h2_typography-text-transform);--awb-caption-title-line-height:var(--h2_typography-line-height);--awb-caption-title-letter-spacing:var(--h2_typography-letter-spacing);\"><div class=\"imageframe-align-center\"><span class=\" fusion-imageframe imageframe-none imageframe-2 hover-type-none\"><a class=\"fusion-no-lightbox\" href=\"https:\/\/www.clemensaugust.de\/franziskus\/psychiatrisches-pflegeheim\/\" target=\"_self\" aria-label=\"Franziskus-Stift Steinfeld\"><img decoding=\"async\" width=\"460\" height=\"306\" src=\"http:\/\/clemensaugust.de\/franziskus\/wp-content\/uploads\/sites\/8\/2019\/07\/Pflegesituation-3.jpg-460x306.jpg\" alt class=\"img-responsive wp-image-1074\" srcset=\"https:\/\/www.clemensaugust.de\/franziskus\/wp-content\/uploads\/sites\/8\/2019\/07\/Pflegesituation-3.jpg-200x133.jpg 200w, https:\/\/www.clemensaugust.de\/franziskus\/wp-content\/uploads\/sites\/8\/2019\/07\/Pflegesituation-3.jpg-400x267.jpg 400w, https:\/\/www.clemensaugust.de\/franziskus\/wp-content\/uploads\/sites\/8\/2019\/07\/Pflegesituation-3.jpg-600x400.jpg 600w, https:\/\/www.clemensaugust.de\/franziskus\/wp-content\/uploads\/sites\/8\/2019\/07\/Pflegesituation-3.jpg-800x533.jpg 800w, https:\/\/www.clemensaugust.de\/franziskus\/wp-content\/uploads\/sites\/8\/2019\/07\/Pflegesituation-3.jpg-1200x800.jpg 1200w, https:\/\/www.clemensaugust.de\/franziskus\/wp-content\/uploads\/sites\/8\/2019\/07\/Pflegesituation-3.jpg.jpg 4000w\" sizes=\"(max-width: 800px) 100vw, 400px\" \/><\/a><\/span><\/div><\/div><div class=\"fusion-text fusion-text-3\"><p style=\"text-align: center\"><strong><a href=\"https:\/\/www.clemensaugust.de\/franziskus\/psychiatrisches-pflegeheim\/\">Psychiatrisches Pflegeheim <span class=\"redlink\">&gt;<\/span><\/a><\/strong><\/p>\n<\/div><div class=\"fusion-clearfix\"><\/div><\/div><\/div><div class=\"fusion-layout-column fusion_builder_column fusion-builder-column-3 fusion_builder_column_1_3 1_3 fusion-one-third fusion-column-last\" style=\"--awb-bg-blend:overlay;--awb-bg-size:cover;width:33.3333333333%;width:calc(33.3333333333% - ( ( 4% + 4% ) * 0.333333333333 ) );\"><div class=\"fusion-column-wrapper fusion-flex-column-wrapper-legacy\"><div class=\"fusion-image-element fusion-image-align-center in-legacy-container\" style=\"text-align:center;--awb-caption-title-font-family:var(--h2_typography-font-family);--awb-caption-title-font-weight:var(--h2_typography-font-weight);--awb-caption-title-font-style:var(--h2_typography-font-style);--awb-caption-title-size:var(--h2_typography-font-size);--awb-caption-title-transform:var(--h2_typography-text-transform);--awb-caption-title-line-height:var(--h2_typography-line-height);--awb-caption-title-letter-spacing:var(--h2_typography-letter-spacing);\"><div class=\"imageframe-align-center\"><span class=\" fusion-imageframe imageframe-none imageframe-3 hover-type-none\"><a class=\"fusion-no-lightbox\" href=\"https:\/\/www.clemensaugust.de\/franziskus\/bewohnerorientierte-angebote\/\" target=\"_self\" aria-label=\"Franziskus-Stift Steinfeld\"><img decoding=\"async\" width=\"460\" height=\"306\" src=\"http:\/\/clemensaugust.de\/franziskus\/wp-content\/uploads\/sites\/8\/2019\/07\/Gespr\u00e4chssituation-Sozialdienst.jpg-460x306.jpg\" alt class=\"img-responsive wp-image-1052\" srcset=\"https:\/\/www.clemensaugust.de\/franziskus\/wp-content\/uploads\/sites\/8\/2019\/07\/Gespr\u00e4chssituation-Sozialdienst.jpg-200x133.jpg 200w, https:\/\/www.clemensaugust.de\/franziskus\/wp-content\/uploads\/sites\/8\/2019\/07\/Gespr\u00e4chssituation-Sozialdienst.jpg-400x267.jpg 400w, https:\/\/www.clemensaugust.de\/franziskus\/wp-content\/uploads\/sites\/8\/2019\/07\/Gespr\u00e4chssituation-Sozialdienst.jpg-600x400.jpg 600w, https:\/\/www.clemensaugust.de\/franziskus\/wp-content\/uploads\/sites\/8\/2019\/07\/Gespr\u00e4chssituation-Sozialdienst.jpg-800x533.jpg 800w, https:\/\/www.clemensaugust.de\/franziskus\/wp-content\/uploads\/sites\/8\/2019\/07\/Gespr\u00e4chssituation-Sozialdienst.jpg-1200x800.jpg 1200w, https:\/\/www.clemensaugust.de\/franziskus\/wp-content\/uploads\/sites\/8\/2019\/07\/Gespr\u00e4chssituation-Sozialdienst.jpg.jpg 4000w\" sizes=\"(max-width: 800px) 100vw, 400px\" \/><\/a><\/span><\/div><\/div><div class=\"fusion-text fusion-text-4\"><p style=\"text-align: center\"><strong><a href=\"https:\/\/www.clemensaugust.de\/franziskus\/bewohnerorientierte-angebote\/\">Bewohnerorientierte Angebote <span class=\"redlink\">&gt;<\/span><\/a><\/strong><\/p>\n<\/div><div class=\"fusion-clearfix\"><\/div><\/div><\/div><\/div><\/div>\n<\/p>\n","protected":false},"excerpt":{"rendered":"","protected":false},"author":1,"featured_media":0,"parent":0,"menu_order":0,"comment_status":"closed","ping_status":"closed","template":"100-width.php","meta":{"footnotes":"","_links_to":"","_links_to_target":""},"_links":{"self":[{"href":"https:\/\/www.clemensaugust.de\/franziskus\/wp-json\/wp\/v2\/pages\/17"}],"collection":[{"href":"https:\/\/www.clemensaugust.de\/franziskus\/wp-json\/wp\/v2\/pages"}],"about":[{"href":"https:\/\/www.clemensaugust.de\/franziskus\/wp-json\/wp\/v2\/types\/page"}],"author":[{"embeddable":true,"href":"https:\/\/www.clemensaugust.de\/franziskus\/wp-json\/wp\/v2\/users\/1"}],"replies":[{"embeddable":true,"href":"https:\/\/www.clemensaugust.de\/franziskus\/wp-json\/wp\/v2\/comments?post=17"}],"version-history":[{"count":10,"href":"https:\/\/www.clemensaugust.de\/franziskus\/wp-json\/wp\/v2\/pages\/17\/revisions"}],"predecessor-version":[{"id":1487,"href":"https:\/\/www.clemensaugust.de\/franziskus\/wp-json\/wp\/v2\/pages\/17\/revisions\/1487"}],"wp:attachment":[{"href":"https:\/\/www.clemensaugust.de\/franziskus\/wp-json\/wp\/v2\/media?parent=17"}],"curies":[{"name":"wp","href":"https:\/\/api.w.org\/{rel}","templated":true}]}}

<p><div class="fusion-fullwidth fullwidth-box fusion-builder-row-1 nonhundred-percent-fullwidth non-hundred-percent-height-scrolling" style="--awb-border-radius-top-left:0px;--awb-border-radius-top-right:0px;--awb-border-radius-bottom-right:0px;--awb-border-radius-bottom-left:0px;--awb-margin-bottom:100px;--awb-flex-wrap:wrap;" ><div class="fusion-builder-row fusion-row"><div class="fusion-layout-column fusion_builder_column fusion-builder-column-0 fusion_builder_column_1_1 1_1 fusion-one-full fusion-column-first fusion-column-last" style="--awb-bg-size:cover;--awb-margin-bottom:0px;"><div class="fusion-column-wrapper fusion-flex-column-wrapper-legacy"><div class="fusion-text fusion-text-1"><h2><b>Unser geschlossener Wohnbereich</b></h2>
<p><i>Gut geschützt und intensiv gefördert werden die Bewohner in unserem geschlossenen Wohnbereich. Ziel ist es, vorhandene seelische Behinderungen zu mildern, so dass eine Eingliederung in die Gesellschaft gelingen kann.</i></p>
<p><img decoding="async" class="alignleft wp-image-1037 size-large" src="http://clemensaugust.de/franziskus/wp-content/uploads/sites/8/2019/07/Spaziergang-geschützter-Garten.jpg-460x306.jpg" alt="" width="460" height="306" srcset="https://www.clemensaugust.de/franziskus/wp-content/uploads/sites/8/2019/07/Spaziergang-geschützter-Garten.jpg-140x93.jpg 140w, https://www.clemensaugust.de/franziskus/wp-content/uploads/sites/8/2019/07/Spaziergang-geschützter-Garten.jpg-200x133.jpg 200w, https://www.clemensaugust.de/franziskus/wp-content/uploads/sites/8/2019/07/Spaziergang-geschützter-Garten.jpg-220x146.jpg 220w, https://www.clemensaugust.de/franziskus/wp-content/uploads/sites/8/2019/07/Spaziergang-geschützter-Garten.jpg-300x200.jpg 300w, https://www.clemensaugust.de/franziskus/wp-content/uploads/sites/8/2019/07/Spaziergang-geschützter-Garten.jpg-400x267.jpg 400w, https://www.clemensaugust.de/franziskus/wp-content/uploads/sites/8/2019/07/Spaziergang-geschützter-Garten.jpg-460x306.jpg 460w, https://www.clemensaugust.de/franziskus/wp-content/uploads/sites/8/2019/07/Spaziergang-geschützter-Garten.jpg-600x400.jpg 600w, https://www.clemensaugust.de/franziskus/wp-content/uploads/sites/8/2019/07/Spaziergang-geschützter-Garten.jpg-768x512.jpg 768w, https://www.clemensaugust.de/franziskus/wp-content/uploads/sites/8/2019/07/Spaziergang-geschützter-Garten.jpg-800x533.jpg 800w, https://www.clemensaugust.de/franziskus/wp-content/uploads/sites/8/2019/07/Spaziergang-geschützter-Garten.jpg-1200x800.jpg 1200w, https://www.clemensaugust.de/franziskus/wp-content/uploads/sites/8/2019/07/Spaziergang-geschützter-Garten.jpg.jpg 4000w" sizes="(max-width: 460px) 100vw, 460px" />In unserem Wohnheim für seelisch behinderte Menschen gibt es einen geschlossenen Wohnbereich. Hier bieten wir 17 Bewohnern eine besonders geschützte Wohnmöglichkeit in Einzel- und Doppelzimmern. Voraussetzung für die Aufnahme ist ein amtsrichterlicher Beschluss nach dem Betreuungsgesetz (§1831 BGB). Unser geschlossener Wohnbereich befindet sich im Erdgeschoss. Hier stehen Gemeinschaftsräume sowie ein Zugang in den geschützten Gartenbereich zur Verfügung.</p>
<p>Aufgrund der Erkrankungen der Bewohner können im sozioemotionalen, psychomotorischen, kognitiven, emotionalen, lebenspraktischen und im Freizeitbereich Defizite bestehen. Unser vorrangiges Ziel ist es, die bestehende Eigengefährdung jedes einzelnen Bewohners so zu minimieren, dass eine geschlossene Unterbringung nicht mehr erforderlich ist. Mit unseren Therapieangeboten und der Betreuung wollen wir unseren Bewohnern eine möglichst selbstbestimmte Lebensführung ermöglichen, sie darin bestärken und begleiten. Vorhandene seelische Behinderungen und deren Folgen sollen gemildert werden, so dass eine Eingliederung in die Gesellschaft gelingen kann.</p>
<p>Im Vordergrund unserer Arbeit steht die intensive Förderung nach dem individuellen Hilfebedarf der Bewohner. In einem Rahmenplan für den Wohnbereich werden feste Aufgaben mit jedem Bewohner geplant (Tischdienst, Wäschetraining usw.). Außerdem werden wechselnde Gruppen angeboten, z.B.: Einkaufsgruppe, Sportgruppe, Spielgruppe.</p>
</div><div class="fusion-clearfix"></div></div></div></div></div><div class="fusion-fullwidth fullwidth-box fusion-builder-row-2 content-bottom nonhundred-percent-fullwidth non-hundred-percent-height-scrolling" style="--awb-border-radius-top-left:0px;--awb-border-radius-top-right:0px;--awb-border-radius-bottom-right:0px;--awb-border-radius-bottom-left:0px;--awb-padding-top:60px;--awb-padding-bottom:20px;--awb-background-color:#efefef;--awb-flex-wrap:wrap;" ><div class="fusion-builder-row fusion-row"><div class="fusion-layout-column fusion_builder_column fusion-builder-column-1 fusion_builder_column_1_3 1_3 fusion-one-third fusion-column-first" style="--awb-bg-blend:overlay;--awb-bg-size:cover;width:33.3333333333%;width:calc(33.3333333333% - ( ( 4% + 4% ) * 0.333333333333 ) );margin-right: 4%;"><div class="fusion-column-wrapper fusion-flex-column-wrapper-legacy"><div class="fusion-image-element fusion-image-align-center in-legacy-container" style="text-align:center;--awb-caption-title-font-family:var(--h2_typography-font-family);--awb-caption-title-font-weight:var(--h2_typography-font-weight);--awb-caption-title-font-style:var(--h2_typography-font-style);--awb-caption-title-size:var(--h2_typography-font-size);--awb-caption-title-transform:var(--h2_typography-text-transform);--awb-caption-title-line-height:var(--h2_typography-line-height);--awb-caption-title-letter-spacing:var(--h2_typography-letter-spacing);"><div class="imageframe-align-center"><span class=" fusion-imageframe imageframe-none imageframe-1 hover-type-none"><a class="fusion-no-lightbox" href="https://www.clemensaugust.de/franziskus/psychiatrisches-wohnheim/" target="_self" aria-label="Franziskus-Stift Steinfeld"><img decoding="async" width="460" height="306" src="http://clemensaugust.de/franziskus/wp-content/uploads/sites/8/2018/02/Kickern-1.jpg-460x306.jpg" alt class="img-responsive wp-image-1031" srcset="https://www.clemensaugust.de/franziskus/wp-content/uploads/sites/8/2018/02/Kickern-1.jpg-200x133.jpg 200w, https://www.clemensaugust.de/franziskus/wp-content/uploads/sites/8/2018/02/Kickern-1.jpg-400x267.jpg 400w, https://www.clemensaugust.de/franziskus/wp-content/uploads/sites/8/2018/02/Kickern-1.jpg-600x400.jpg 600w, https://www.clemensaugust.de/franziskus/wp-content/uploads/sites/8/2018/02/Kickern-1.jpg-800x533.jpg 800w, https://www.clemensaugust.de/franziskus/wp-content/uploads/sites/8/2018/02/Kickern-1.jpg-1200x800.jpg 1200w, https://www.clemensaugust.de/franziskus/wp-content/uploads/sites/8/2018/02/Kickern-1.jpg.jpg 4000w" sizes="(max-width: 800px) 100vw, 400px" /></a></span></div></div><div class="fusion-text fusion-text-2"><p style="text-align: center"><strong><a href="https://www.clemensaugust.de/franziskus/psychiatrisches-wohnheim/">Psychiatrisches Wohnheim <span class="redlink">&gt;</span></a></strong></p>
</div><div class="fusion-clearfix"></div></div></div><div class="fusion-layout-column fusion_builder_column fusion-builder-column-2 fusion_builder_column_1_3 1_3 fusion-one-third" style="--awb-bg-blend:overlay;--awb-bg-size:cover;width:33.3333333333%;width:calc(33.3333333333% - ( ( 4% + 4% ) * 0.333333333333 ) );margin-right: 4%;"><div class="fusion-column-wrapper fusion-flex-column-wrapper-legacy"><div class="fusion-image-element fusion-image-align-center in-legacy-container" style="text-align:center;--awb-caption-title-font-family:var(--h2_typography-font-family);--awb-caption-title-font-weight:var(--h2_typography-font-weight);--awb-caption-title-font-style:var(--h2_typography-font-style);--awb-caption-title-size:var(--h2_typography-font-size);--awb-caption-title-transform:var(--h2_typography-text-transform);--awb-caption-title-line-height:var(--h2_typography-line-height);--awb-caption-title-letter-spacing:var(--h2_typography-letter-spacing);"><div class="imageframe-align-center"><span class=" fusion-imageframe imageframe-none imageframe-2 hover-type-none"><a class="fusion-no-lightbox" href="https://www.clemensaugust.de/franziskus/psychiatrisches-pflegeheim/" target="_self" aria-label="Franziskus-Stift Steinfeld"><img decoding="async" width="460" height="306" src="http://clemensaugust.de/franziskus/wp-content/uploads/sites/8/2019/07/Pflegesituation-3.jpg-460x306.jpg" alt class="img-responsive wp-image-1074" srcset="https://www.clemensaugust.de/franziskus/wp-content/uploads/sites/8/2019/07/Pflegesituation-3.jpg-200x133.jpg 200w, https://www.clemensaugust.de/franziskus/wp-content/uploads/sites/8/2019/07/Pflegesituation-3.jpg-400x267.jpg 400w, https://www.clemensaugust.de/franziskus/wp-content/uploads/sites/8/2019/07/Pflegesituation-3.jpg-600x400.jpg 600w, https://www.clemensaugust.de/franziskus/wp-content/uploads/sites/8/2019/07/Pflegesituation-3.jpg-800x533.jpg 800w, https://www.clemensaugust.de/franziskus/wp-content/uploads/sites/8/2019/07/Pflegesituation-3.jpg-1200x800.jpg 1200w, https://www.clemensaugust.de/franziskus/wp-content/uploads/sites/8/2019/07/Pflegesituation-3.jpg.jpg 4000w" sizes="(max-width: 800px) 100vw, 400px" /></a></span></div></div><div class="fusion-text fusion-text-3"><p style="text-align: center"><strong><a href="https://www.clemensaugust.de/franziskus/psychiatrisches-pflegeheim/">Psychiatrisches Pflegeheim <span class="redlink">&gt;</span></a></strong></p>
</div><div class="fusion-clearfix"></div></div></div><div class="fusion-layout-column fusion_builder_column fusion-builder-column-3 fusion_builder_column_1_3 1_3 fusion-one-third fusion-column-last" style="--awb-bg-blend:overlay;--awb-bg-size:cover;width:33.3333333333%;width:calc(33.3333333333% - ( ( 4% + 4% ) * 0.333333333333 ) );"><div class="fusion-column-wrapper fusion-flex-column-wrapper-legacy"><div class="fusion-image-element fusion-image-align-center in-legacy-container" style="text-align:center;--awb-caption-title-font-family:var(--h2_typography-font-family);--awb-caption-title-font-weight:var(--h2_typography-font-weight);--awb-caption-title-font-style:var(--h2_typography-font-style);--awb-caption-title-size:var(--h2_typography-font-size);--awb-caption-title-transform:var(--h2_typography-text-transform);--awb-caption-title-line-height:var(--h2_typography-line-height);--awb-caption-title-letter-spacing:var(--h2_typography-letter-spacing);"><div class="imageframe-align-center"><span class=" fusion-imageframe imageframe-none imageframe-3 hover-type-none"><a class="fusion-no-lightbox" href="https://www.clemensaugust.de/franziskus/bewohnerorientierte-angebote/" target="_self" aria-label="Franziskus-Stift Steinfeld"><img decoding="async" width="460" height="306" src="http://clemensaugust.de/franziskus/wp-content/uploads/sites/8/2019/07/Gesprächssituation-Sozialdienst.jpg-460x306.jpg" alt class="img-responsive wp-image-1052" srcset="https://www.clemensaugust.de/franziskus/wp-content/uploads/sites/8/2019/07/Gesprächssituation-Sozialdienst.jpg-200x133.jpg 200w, https://www.clemensaugust.de/franziskus/wp-content/uploads/sites/8/2019/07/Gesprächssituation-Sozialdienst.jpg-400x267.jpg 400w, https://www.clemensaugust.de/franziskus/wp-content/uploads/sites/8/2019/07/Gesprächssituation-Sozialdienst.jpg-600x400.jpg 600w, https://www.clemensaugust.de/franziskus/wp-content/uploads/sites/8/2019/07/Gesprächssituation-Sozialdienst.jpg-800x533.jpg 800w, https://www.clemensaugust.de/franziskus/wp-content/uploads/sites/8/2019/07/Gesprächssituation-Sozialdienst.jpg-1200x800.jpg 1200w, https://www.clemensaugust.de/franziskus/wp-content/uploads/sites/8/2019/07/Gesprächssituation-Sozialdienst.jpg.jpg 4000w" sizes="(max-width: 800px) 100vw, 400px" /></a></span></div></div><div class="fusion-text fusion-text-4"><p style="text-align: center"><strong><a href="https://www.clemensaugust.de/franziskus/bewohnerorientierte-angebote/">Bewohnerorientierte Angebote <span class="redlink">&gt;</span></a></strong></p>
</div><div class="fusion-clearfix"></div></div></div></div></div>
</p>
