{"id":173,"date":"2018-01-13T16:29:34","date_gmt":"2018-01-13T15:29:34","guid":{"rendered":"http:\/\/www.clemensaugust.de\/franziskus\/?page_id=173"},"modified":"2019-08-29T16:39:47","modified_gmt":"2019-08-29T14:39:47","slug":"datenschutz","status":"publish","type":"page","link":"https:\/\/www.clemensaugust.de\/franziskus\/datenschutz\/","title":{"rendered":"Datenschutz"},"content":{"rendered":"<p><div class=\"fusion-fullwidth fullwidth-box fusion-builder-row-1 nonhundred-percent-fullwidth non-hundred-percent-height-scrolling\" style=\"--awb-border-radius-top-left:0px;--awb-border-radius-top-right:0px;--awb-border-radius-bottom-right:0px;--awb-border-radius-bottom-left:0px;--awb-margin-bottom:100px;--awb-flex-wrap:wrap;\" ><div class=\"fusion-builder-row fusion-row\"><div class=\"fusion-layout-column fusion_builder_column fusion-builder-column-0 fusion_builder_column_1_1 1_1 fusion-one-full fusion-column-first fusion-column-last\" style=\"--awb-bg-size:cover;--awb-margin-bottom:0px;\"><div class=\"fusion-column-wrapper fusion-flex-column-wrapper-legacy\"><div class=\"fusion-text fusion-text-1\"><h2>Datenschutz<\/h2>\n<p>Wir freuen uns \u00fcber Ihren Besuch auf unseren Webseiten. Nachfolgend m\u00f6chten wir Sie \u00fcber den Umgang mit Ihren Daten gem. \u00a7 15 Gesetz \u00fcber den Kirchlichen Datenschutz (KDG) informieren.<\/p>\n<p><strong>Verantwortlicher<\/strong><\/p>\n<p>Verantwortlich f\u00fcr die nachfolgend dargestellte Datenerhebung und Verarbeitung ist die im <a href=\"http:\/\/clemensaugust.de\/franziskus\/impressum\/\">Impressum<\/a> genannte Stelle.<\/p>\n<p><strong>Nutzungsdaten<\/strong><\/p>\n<p>Wenn Sie unsere Webseiten besuchen, werden auf unserem Webserver tempor\u00e4r sogenannte Nutzungsdaten zu statistischen Zwecken als Protokoll gespeichert, um die Qualit\u00e4t unserer Webseiten zu verbessern. Dieser Datensatz besteht aus<\/p>\n<ul>\n<li>der Seite, von der aus die Datei angefordert wurde,<\/li>\n<li>dem Namen der Datei,<\/li>\n<li>dem Datum und der Uhrzeit der Abfrage,<\/li>\n<li>der \u00fcbertragenen Datenmenge,<\/li>\n<li>dem Zugriffsstatus (Datei \u00fcbertragen, Datei nicht gefunden),<\/li>\n<li>der Beschreibung des Typs des verwendeten Webbrowsers,<\/li>\n<li>der IP-Adresse des anfragenden Rechners, die so verk\u00fcrzt wird, dass ein Personenbezug nicht mehr herstellbar ist.<\/li>\n<\/ul>\n<p>Die genannten Protokolldaten werden nur anonymisiert gespeichert.<\/p>\n<p><strong>\u00a0<\/strong><\/p>\n<p><strong>Daten\u00fcbermittlung an Dritte<\/strong><\/p>\n<p>Wir \u00fcbermitteln Ihre Daten im Rahmen einer Auftragsverarbeitung gem. \u00a7 29 KDG an Dienstleister, die uns beim Betrieb unserer Webseiten und der damit zusammenh\u00e4ngenden Prozesse unterst\u00fctzen. Unsere Dienstleister sind uns gegen\u00fcber streng weisungsgebunden und entsprechend vertraglich verpflichtet. Folgende Dienstleister setzen wir ein:<\/p>\n<p><strong>Hosting-Dienstleister<\/strong><\/p>\n<p>Neue Medien M\u00fcnnich<br \/>\n&#8211; Inhaber Ren\u00e9 M\u00fcnnich &#8211;<\/p>\n<p>Hauptstra\u00dfe 68, D-02742 Friedersdorf<\/p>\n<p>Ust-ID: DE212657916<\/p>\n<p>Tel: +49 35872 353-10<br \/>\nFax: +49 35872 353-30<\/p>\n<p>E-Mail: <a href=\"mailto:info@all-inkl.com\">info@all-inkl.com<\/a><br \/>\nWeb: <a href=\"http:\/\/www.all-inkl.com\">www.all-inkl.com<\/a><\/p>\n<p><strong>Werbeagenturen<\/strong><\/p>\n<p>Alex Frison Webdesign<strong><br \/>\n<\/strong><\/p>\n<p>Holunderweg 7, 49401 Damme<\/p>\n<p>Tel: +49 5491 977311<br \/>\nFax: +49 5491 977312<\/p>\n<p>E-Mail: <a href=\"mailto:info@alexfrison.com\">info@alexfrison.com<\/a><br \/>\nWeb: <a href=\"http:\/\/www.alexfrison.com\">www.alexfrison.com<\/a><\/p>\n<p><strong>Facebook und Twitter<\/strong><\/p>\n<p>Aus Gr\u00fcnden des Datenschutzes binden wir keine Social Plugins direkt in unseren Webauftritt ein. Wenn Sie unsere Seiten aufrufen, werden daher keine Daten an Social Media-Dienste, wie etwa Facebook oder Twitter \u00fcbermittelt. Eine Profilbildung durch Dritte ist somit ausgeschlossen.<\/p>\n<p>Sie haben dennoch die M\u00f6glichkeit, ausgew\u00e4hlte Seiten mit einem Klick auf Facebook und Twitter Schaltfl\u00e4chen zu teilen und sehen zudem bereits bei Aufruf der Beitr\u00e4ge, wie oft diese in der Vergangenheit geteilt wurden. Wir nutzen hierzu die sog. Shariff-L\u00f6sung, die vom c\u2019t Magazin entwickelt wurde, um eine datenschutzkonforme Alternative zu den klassischen Social-Plugins zu bieten.<\/p>\n<p>Was steckt dahinter? Die Shariff-L\u00f6sung f\u00fchrt dazu, dass in einem ersten Schritt alle Daten und Funktionen, die zur Darstellung der Facebook und Twitter Schaltfl\u00e4chen erforderlich sind, von unserem Webserver bereitgestellt werden. Erst wenn Sie sich entschlie\u00dfen, einen Beitrag \u00fcber die entsprechende Schaltfl\u00e4che zu teilen und diese anklicken, erfolgt eine Daten\u00fcbertragung an den Betreiber des jeweiligen Social Media Dienstes.<\/p>\n<p><strong>Cookies <\/strong><\/p>\n<p>Auf unseren Webseiten nutzen wir Cookies. Cookies sind kleine Textdateien, die auf Ihrem Endger\u00e4t gespeichert und ausgelesen werden k\u00f6nnen. Man unterscheidet zwischen Session-Cookies, die wieder gel\u00f6scht werden, sobald Sie ihren Browser schlie\u00dfen und permanenten Cookies, die \u00fcber die einzelne Sitzung hinaus gespeichert werden. Cookies k\u00f6nnen Daten enthalten, die eine Wiedererkennung des genutzten Ger\u00e4ts m\u00f6glich machen. Teilweise enthalten Cookies aber auch lediglich Informationen zu bestimmten Einstellungen, die nicht personenbeziehbar sind.<\/p>\n<p>Die Verarbeitung erfolgt auf Grundlage von \u00a7 6 Abs. 1 lit. g KDG und in dem Interesse die Benutzerf\u00fchrung zu optimieren bzw. zu erm\u00f6glichen und die Darstellung unserer Webseite anzupassen.<\/p>\n<p>Sie k\u00f6nnen Ihren Browser so einstellen, dass er Sie \u00fcber die Platzierung von Cookies informiert. So wird der Gebrauch von Cookies f\u00fcr Sie transparent. Sie k\u00f6nnen Cookies zudem jederzeit \u00fcber die entsprechende Browsereinstellung l\u00f6schen und das Setzen neuer Cookies verhindern. Bitte beachten Sie, dass unsere Webseiten dann ggf. nicht optimal angezeigt werden und einige Funktionen technisch nicht mehr zur Verf\u00fcgung stehen.<\/p>\n<p><strong>Vimeo<\/strong><\/p>\n<p>Wir nutzen f\u00fcr die Einbindung von Videos u.a. den Anbieter Vimeo. Vimeo wird betrieben von Vimeo, LLC mit Hauptsitz in 555 West 18th Street, New York, New York 10011.<\/p>\n<p>Auf einigen unserer Internetseiten verwenden wir Plugins von Vimeo. Wenn Sie die mit einem solchen Plugin versehenen Internetseiten unserer Internetpr\u00e4senz aufrufen, wird eine Verbindung zu den Vimeo-Servern hergestellt und dabei das Plugin dargestellt. Hierdurch wird an den Vimeo-Server \u00fcbermittelt, welche unserer Internetseiten Sie besucht haben. Sind Sie dabei als Mitglied bei Vimeo eingeloggt, ordnet Vimeo diese Information Ihrem pers\u00f6nlichen Benutzerkonto zu. Bei Nutzung des Plugins wie z.B. Anklicken des Start-Buttons eines Videos wird diese Information ebenfalls Ihrem Benutzerkonto zugeordnet. Sie k\u00f6nnen diese Zuordnung verhindern, indem Sie sich vor der Nutzung unserer Internetseite aus ihrem Vimeo-Benutzerkonto abmelden und die entsprechenden Cookies von Vimeo l\u00f6schen.<\/p>\n<p>Die Datenverarbeitung erfolgt auf Grundlage von \u00a7 6 Abs. 1 lit. g KDG in dem Interesse, unser Webangebot m\u00f6glichst optimal f\u00fcr Sie zu gestalten. Zweck und Umfang der Datenerhebung und die weitere Verarbeitung und Nutzung der Daten durch Vimeo sowie Ihre diesbez\u00fcglichen Rechte und Einstellungsm\u00f6glichkeiten zum Schutz Ihrer Privatsph\u00e4re entnehmen Sie bitte den Datenschutzhinweisen von Vimeo: <a href=\"https:\/\/vimeo.com\/privacy\" target=\"_blank\" rel=\"noopener\">https:\/\/vimeo.com\/privacy<\/a><\/p>\n<p><strong>Youtube<\/strong><\/p>\n<p>Auf einigen Unterseiten unseres Webauftritts betten wir YouTube-Videos ein. YouTube wird betrieben von YouTube LLC mit Hauptgesch\u00e4ftssitz in 901 Cherry Avenue, San Bruno, CA 94066, USA.<\/p>\n<p>YouTube wird vertreten durch Google Inc. mit Sitz in 1600 Amphitheatre Parkway, Mountain View, CA 94043, USA. Ein Aufruf unserer Unterseiten, die eingebettete Youtube-Videos enthalten, f\u00fchrt dazu, dass Inhalte von YouTube nachgeladen werden. In diesem Rahmen erh\u00e4lt YouTube auch Ihre IP-Adresse, die technisch zum Abruf der Inhalte erforderlich ist. Die Datenverarbeitung erfolgt auf Grundlage von \u00a7 6 Abs. 1 lit. g KDG in dem Interesse, unser Webangebot m\u00f6glichst optimal f\u00fcr Sie zu gestalten.Zweck und Umfang der Datenerhebung und die weitere Verarbeitung und Nutzung der Daten durch YouTube sowie Ihre diesbez\u00fcglichen Rechte und Einstellungsm\u00f6glichkeiten zum Schutz Ihrer Privatsph\u00e4re entnehmen Sie bitte den Datenschutzhinweisen von YouTube: <a href=\"http:\/\/www.google.de\/intl\/de\/policies\/privacy\/\" target=\"_blank\" rel=\"noopener\">www.google.de\/intl\/de\/policies\/privacy\/<\/a> Wir haben auf die weitere Verarbeitung durch YouTube grunds\u00e4tzlich keinen Einfluss. Allerdings haben wir bei der Einbettung der Videos darauf geachtet, den von YouTube angeboten erweiterten Datenschutzmodus zu aktivieren.<\/p>\n<p><strong>Google Maps<\/strong><\/p>\n<p>Wir nutzen Google Maps zur Darstellung von Karten und zur Erstellung von Anfahrtspl\u00e4nen. Google Maps wird von der Google LLC, 1600 Amphitheatre Parkway, Mountain View, CA 94043, USA betrieben.<\/p>\n<p>Sofern Sie die Karte von Google Maps nutzen, z.B. durch Anklicken unserer dort aufgef\u00fchrten Standorte, erfassen wir von Ihnen keinerlei Daten. Durch die Nutzung von Google Maps k\u00f6nnen nach unserer Kenntnis jedoch Informationen \u00fcber Ihre Benutzung (insbesondere die IP-Adresse Ihres Rechners) an einen Server der Google LLC in den USA \u00fcbertragen und dort gespeichert werden. Die Verarbeitung personenbezogener Daten unter Verwendung technisch notwendiger Cookies und Ihrer IP-Adresse basiert auf der Rechtsgrundlage von \u00a7 6 Abs. 1 lit. g KDG in dem Interesse, unser Webangebot m\u00f6glichst optimal f\u00fcr Sie zu gestalten. Auf die Weiterverarbeitung von Daten durch die Google LLC haben wir keinen Einfluss.<\/p>\n<p>Bitte lesen Sie auch die Nutzungsbestimmungen von Google Maps, sofern Sie den Service nutzen m\u00f6chten. Die Nutzungsbedingungen f\u00fcr Google Maps finden Sie unter: <a href=\"http:\/\/www.google.com\/intl\/de_de\/help\/terms_maps.html\" target=\"_blank\" rel=\"noopener\">http:\/\/www.google.com\/intl\/de_de\/help\/terms_maps.html<\/a>.<\/p>\n<p>Ausf\u00fchrliche Informationen zu den Datenschutzbestimmungen von Google finden Sie zudem unter: <a href=\"http:\/\/www.google.de\/intl\/de\/policies\/privacy\/\" target=\"_blank\" rel=\"noopener\">http:\/\/www.google.de\/intl\/de\/policies\/privacy\/<\/a>.<br \/>\nFalls Sie nicht mit der Datenverarbeitung durch die Google LLC einverstanden sind, verzichten Sie bitte auf eine Nutzung der Karte oder deaktivieren Sie die Java-Script Funktion in Ihrem Browser, um eine nur eingeschr\u00e4nkte Ansicht zu erhalten.<\/p>\n<p><strong>Datensicherheit<\/strong><\/p>\n<p>Um Ihre Daten vor unerw\u00fcnschten Zugriffen m\u00f6glichst umfassend zu sch\u00fctzen, treffen wir technische und organisatorische Ma\u00dfnahmen. Wir setzen auf unseren Seiten ein Verschl\u00fcsselungsverfahren ein. Ihre Angaben werden von Ihrem Rechner zu unserem Server und umgekehrt \u00fcber das Internet mittels einer TLS-Verschl\u00fcsselung \u00fcbertragen. Sie erkennen dies daran, dass in der Statusleiste Ihres Browsers das Schloss-Symbol geschlossen ist und die Adresszeile mit https:\/\/ beginnt.<\/p>\n<p><strong>Kontaktformular<\/strong><\/p>\n<p>Sie haben die M\u00f6glichkeit, mit uns \u00fcber ein Webformular in Kontakt zu treten. Zur Nutzung unseres Kontaktformulars ben\u00f6tigen wir Ihren Namen und Ihre E-Mail-Adresse. Weitere Angaben k\u00f6nnen Sie mitteilen, m\u00fcssen dies jedoch nicht. \u00a0Rechtsgrundlage der Verarbeitung ist \u00a7 6 Abs. 1 lit. g KDG. Ihre Daten werden nur zur Beantwortung Ihrer Anfrage verarbeitet und nach Bearbeitungsabschluss gel\u00f6scht. Eine Weitergabe an Dritte erfolgt nicht.<\/p>\n<p><strong>\u00a0<\/strong><\/p>\n<p><strong>Ihre Rechte als Nutzer<\/strong><\/p>\n<p><strong>Bei Verarbeitung Ihrer personenbezogenen Daten gew\u00e4hrt das KDG Ihnen als Webseitennutzer bestimmte Rechte:<\/strong><\/p>\n<ol>\n<li><strong> Auskunftsrecht (\u00a7 17 KDG): <\/strong><\/li>\n<\/ol>\n<p>Sie haben das Recht eine Best\u00e4tigung dar\u00fcber zu verlangen, ob Sie betreffende personenbezogene Daten verarbeitet werden; ist dies der Fall, so haben Sie ein Recht auf Auskunft \u00fcber diese personenbezogenen Daten und auf die in <strong>\u00a7 17 KDG<\/strong> im einzelnen aufgef\u00fchrten Informationen.<\/p>\n<ol start=\"2\">\n<li><strong> Recht auf Berichtigung und L\u00f6schung (\u00a7\u00a7 18, 19 KDG): <\/strong><\/li>\n<\/ol>\n<p>Sie haben das Recht, unverz\u00fcglich die Berichtigung Sie betreffender unrichtiger personenbezogener Daten und ggf. die Vervollst\u00e4ndigung unvollst\u00e4ndiger personenbezogener Daten zu verlangen.<\/p>\n<p>Sie haben zudem das Recht, zu verlangen, dass Sie betreffende personenbezogene Daten unverz\u00fcglich gel\u00f6scht werden, sofern einer der in \u00a7 19 KDG im einzelnen aufgef\u00fchrten Gr\u00fcnde zutrifft, z. B. wenn die Daten f\u00fcr die verfolgten Zwecke nicht mehr ben\u00f6tigt werden.<\/p>\n<ol start=\"3\">\n<li><strong> Recht auf Einschr\u00e4nkung der Verarbeitung (\u00a7 20 KDG): <\/strong><\/li>\n<\/ol>\n<p>Sie haben das Recht, die Einschr\u00e4nkung der Verarbeitung zu verlangen, wenn eine der in \u00a7 20 KDG aufgef\u00fchrten Voraussetzungen gegeben ist, z. B. wenn Sie Widerspruch gegen die Verarbeitung eingelegt haben, f\u00fcr die Dauer einer etwaigen Pr\u00fcfung.<\/p>\n<ol start=\"4\">\n<li><strong> Recht auf Daten\u00fcbertragbarkeit (\u00a7 22 KDG): <\/strong><\/li>\n<\/ol>\n<p>In bestimmten F\u00e4llen, die in \u00a7 22 KDG im Einzelnen aufgef\u00fchrt werden, haben Sie das Recht, die Sie betreffenden personenbezogenen Daten in einem strukturierten, g\u00e4ngigen und maschinenlesbaren Format zu erhalten bzw. die \u00dcbermittlung dieser Daten an einen Dritten zu verlangen.<\/p>\n<ol start=\"5\">\n<li><strong> Widerspruchsrecht (\u00a7 20 KDG): <\/strong><\/li>\n<\/ol>\n<p>Werden Daten auf Grundlage von \u00a7 6 Abs. 1 lit. b KDG (Einwilligung) oder \u00a7 6 Abs. 1 lit. g KDG erhoben (Datenverarbeitung zur Wahrung berechtigter Interessen), steht Ihnen das Recht zu, aus Gr\u00fcnden, die sich aus Ihrer besonderen Situation ergeben, jederzeit gegen die Verarbeitung Widerspruch einzulegen. Wir verarbeiten die personenbezogenen Daten dann nicht mehr, es sei denn, es liegen nachweisbar zwingende schutzw\u00fcrdige Gr\u00fcnde f\u00fcr die Verarbeitung vor, die die Interessen, Rechte und Freiheiten der betroffenen Person \u00fcberwiegen, oder die Verarbeitung dient der Geltendmachung, Aus\u00fcbung oder Verteidigung von Rechtsanspr\u00fcchen.<\/p>\n<ol start=\"6\">\n<li><strong> Beschwerderecht bei einer Aufsichtsbeh\u00f6rde<\/strong><\/li>\n<\/ol>\n<p>Sie haben gem\u00e4\u00df \u00a7 48 KDG das Recht auf Beschwerde bei einer Aufsichtsbeh\u00f6rde, wenn Sie der Ansicht sind, dass die Verarbeitung der Sie betreffenden Daten gegen datenschutzrechtliche Bestimmungen verst\u00f6\u00dft. F\u00fcr die (Erz-)Bist\u00fcmer Hamburg, Hildesheim, Osnabr\u00fcck und des Bisch\u00f6flich M\u00fcnsterschen Offizialats in Vechta i.O. ist dies<\/p>\n<p>Der Di\u00f6zesandatenschutzbeauftragte der (Erz-)Bist\u00fcmer Hamburg, Hildesheim, Osnabr\u00fcck und des Bisch\u00f6flich M\u00fcnsterschen Offizialats in Vechta i.O., Unser Lieben Frauen Kirchhof 20, 28195 Bremen<\/p>\n<p><strong>Kontaktdaten des Datenschutzbeauftragten<\/strong><\/p>\n<p>Unser betrieblicher Datenschutzbeauftragter steht Ihnen gerne f\u00fcr Ausk\u00fcnfte oder Anregungen zum Thema Datenschutz zur Verf\u00fcgung:<\/p>\n<p><strong>Datenschutzbeauftragter<\/strong><\/p>\n<p>Dr. Uwe Schl\u00e4ger<\/p>\n<p>datenschutz nord GmbH<\/p>\n<p>Konsul-Smidt-Stra\u00dfe 88<\/p>\n<p>28217 Bremen<\/p>\n<p>Web: www.datenschutz-nord-gruppe.de<\/p>\n<p>E-Mail: office@datenschutz-nord.de<\/p>\n<p>Telefon: 0421 69 66 32 0<\/p>\n<\/div><div class=\"fusion-clearfix\"><\/div><\/div><\/div><\/div><\/div><div class=\"fusion-fullwidth fullwidth-box fusion-builder-row-2 content-bottom nonhundred-percent-fullwidth non-hundred-percent-height-scrolling\" style=\"--awb-border-radius-top-left:0px;--awb-border-radius-top-right:0px;--awb-border-radius-bottom-right:0px;--awb-border-radius-bottom-left:0px;--awb-padding-top:60px;--awb-padding-bottom:20px;--awb-background-color:#efefef;--awb-flex-wrap:wrap;\" ><div class=\"fusion-builder-row fusion-row\"><div class=\"fusion-layout-column fusion_builder_column fusion-builder-column-1 fusion_builder_column_1_3 1_3 fusion-one-third fusion-column-first\" style=\"--awb-bg-blend:overlay;--awb-bg-size:cover;width:33.3333333333%;width:calc(33.3333333333% - ( ( 4% + 4% ) * 0.333333333333 ) );margin-right: 4%;\"><div class=\"fusion-column-wrapper fusion-flex-column-wrapper-legacy\"><div class=\"fusion-image-element fusion-image-align-center in-legacy-container\" style=\"text-align:center;--awb-caption-title-font-family:var(--h2_typography-font-family);--awb-caption-title-font-weight:var(--h2_typography-font-weight);--awb-caption-title-font-style:var(--h2_typography-font-style);--awb-caption-title-size:var(--h2_typography-font-size);--awb-caption-title-transform:var(--h2_typography-text-transform);--awb-caption-title-line-height:var(--h2_typography-line-height);--awb-caption-title-letter-spacing:var(--h2_typography-letter-spacing);\"><div class=\"imageframe-align-center\"><span class=\" fusion-imageframe imageframe-none imageframe-1 hover-type-none\"><a class=\"fusion-no-lightbox\" href=\"https:\/\/www.clemensaugust.de\/franziskus\/psychiatrisches-wohnheim\/\" target=\"_self\" aria-label=\"Franziskus-Stift Steinfeld\"><img decoding=\"async\" width=\"460\" height=\"306\" src=\"http:\/\/clemensaugust.de\/franziskus\/wp-content\/uploads\/sites\/8\/2018\/02\/Kickern-1.jpg-460x306.jpg\" alt class=\"img-responsive wp-image-1031\" srcset=\"https:\/\/www.clemensaugust.de\/franziskus\/wp-content\/uploads\/sites\/8\/2018\/02\/Kickern-1.jpg-200x133.jpg 200w, https:\/\/www.clemensaugust.de\/franziskus\/wp-content\/uploads\/sites\/8\/2018\/02\/Kickern-1.jpg-400x267.jpg 400w, https:\/\/www.clemensaugust.de\/franziskus\/wp-content\/uploads\/sites\/8\/2018\/02\/Kickern-1.jpg-600x400.jpg 600w, https:\/\/www.clemensaugust.de\/franziskus\/wp-content\/uploads\/sites\/8\/2018\/02\/Kickern-1.jpg-800x533.jpg 800w, https:\/\/www.clemensaugust.de\/franziskus\/wp-content\/uploads\/sites\/8\/2018\/02\/Kickern-1.jpg-1200x800.jpg 1200w, https:\/\/www.clemensaugust.de\/franziskus\/wp-content\/uploads\/sites\/8\/2018\/02\/Kickern-1.jpg.jpg 4000w\" sizes=\"(max-width: 800px) 100vw, 400px\" \/><\/a><\/span><\/div><\/div><div class=\"fusion-text fusion-text-2\"><p style=\"text-align: center\"><strong><a href=\"https:\/\/www.clemensaugust.de\/franziskus\/psychiatrisches-wohnheim\/\">Psychiatrisches Wohnheim <span class=\"redlink\">&gt;<\/span><\/a><\/strong><\/p>\n<\/div><div class=\"fusion-clearfix\"><\/div><\/div><\/div><div class=\"fusion-layout-column fusion_builder_column fusion-builder-column-2 fusion_builder_column_1_3 1_3 fusion-one-third\" style=\"--awb-bg-blend:overlay;--awb-bg-size:cover;width:33.3333333333%;width:calc(33.3333333333% - ( ( 4% + 4% ) * 0.333333333333 ) );margin-right: 4%;\"><div class=\"fusion-column-wrapper fusion-flex-column-wrapper-legacy\"><div class=\"fusion-image-element fusion-image-align-center in-legacy-container\" style=\"text-align:center;--awb-caption-title-font-family:var(--h2_typography-font-family);--awb-caption-title-font-weight:var(--h2_typography-font-weight);--awb-caption-title-font-style:var(--h2_typography-font-style);--awb-caption-title-size:var(--h2_typography-font-size);--awb-caption-title-transform:var(--h2_typography-text-transform);--awb-caption-title-line-height:var(--h2_typography-line-height);--awb-caption-title-letter-spacing:var(--h2_typography-letter-spacing);\"><div class=\"imageframe-align-center\"><span class=\" fusion-imageframe imageframe-none imageframe-2 hover-type-none\"><a class=\"fusion-no-lightbox\" href=\"https:\/\/www.clemensaugust.de\/franziskus\/psychiatrisches-pflegeheim\/\" target=\"_self\" aria-label=\"Franziskus-Stift Steinfeld\"><img decoding=\"async\" width=\"460\" height=\"306\" src=\"http:\/\/clemensaugust.de\/franziskus\/wp-content\/uploads\/sites\/8\/2019\/07\/Pflegesituation-3.jpg-460x306.jpg\" alt class=\"img-responsive wp-image-1074\" srcset=\"https:\/\/www.clemensaugust.de\/franziskus\/wp-content\/uploads\/sites\/8\/2019\/07\/Pflegesituation-3.jpg-200x133.jpg 200w, https:\/\/www.clemensaugust.de\/franziskus\/wp-content\/uploads\/sites\/8\/2019\/07\/Pflegesituation-3.jpg-400x267.jpg 400w, https:\/\/www.clemensaugust.de\/franziskus\/wp-content\/uploads\/sites\/8\/2019\/07\/Pflegesituation-3.jpg-600x400.jpg 600w, https:\/\/www.clemensaugust.de\/franziskus\/wp-content\/uploads\/sites\/8\/2019\/07\/Pflegesituation-3.jpg-800x533.jpg 800w, https:\/\/www.clemensaugust.de\/franziskus\/wp-content\/uploads\/sites\/8\/2019\/07\/Pflegesituation-3.jpg-1200x800.jpg 1200w, https:\/\/www.clemensaugust.de\/franziskus\/wp-content\/uploads\/sites\/8\/2019\/07\/Pflegesituation-3.jpg.jpg 4000w\" sizes=\"(max-width: 800px) 100vw, 400px\" \/><\/a><\/span><\/div><\/div><div class=\"fusion-text fusion-text-3\"><p style=\"text-align: center\"><strong><a href=\"https:\/\/www.clemensaugust.de\/franziskus\/psychiatrisches-pflegeheim\/\">Psychiatrisches Pflegeheim <span class=\"redlink\">&gt;<\/span><\/a><\/strong><\/p>\n<\/div><div class=\"fusion-clearfix\"><\/div><\/div><\/div><div class=\"fusion-layout-column fusion_builder_column fusion-builder-column-3 fusion_builder_column_1_3 1_3 fusion-one-third fusion-column-last\" style=\"--awb-bg-blend:overlay;--awb-bg-size:cover;width:33.3333333333%;width:calc(33.3333333333% - ( ( 4% + 4% ) * 0.333333333333 ) );\"><div class=\"fusion-column-wrapper fusion-flex-column-wrapper-legacy\"><div class=\"fusion-image-element fusion-image-align-center in-legacy-container\" style=\"text-align:center;--awb-caption-title-font-family:var(--h2_typography-font-family);--awb-caption-title-font-weight:var(--h2_typography-font-weight);--awb-caption-title-font-style:var(--h2_typography-font-style);--awb-caption-title-size:var(--h2_typography-font-size);--awb-caption-title-transform:var(--h2_typography-text-transform);--awb-caption-title-line-height:var(--h2_typography-line-height);--awb-caption-title-letter-spacing:var(--h2_typography-letter-spacing);\"><div class=\"imageframe-align-center\"><span class=\" fusion-imageframe imageframe-none imageframe-3 hover-type-none\"><a class=\"fusion-no-lightbox\" href=\"https:\/\/www.clemensaugust.de\/franziskus\/bewohnerorientierte-angebote\/\" target=\"_self\" aria-label=\"Franziskus-Stift Steinfeld\"><img decoding=\"async\" width=\"460\" height=\"306\" src=\"http:\/\/clemensaugust.de\/franziskus\/wp-content\/uploads\/sites\/8\/2019\/07\/Gespr\u00e4chssituation-Sozialdienst.jpg-460x306.jpg\" alt class=\"img-responsive wp-image-1052\" srcset=\"https:\/\/www.clemensaugust.de\/franziskus\/wp-content\/uploads\/sites\/8\/2019\/07\/Gespr\u00e4chssituation-Sozialdienst.jpg-200x133.jpg 200w, https:\/\/www.clemensaugust.de\/franziskus\/wp-content\/uploads\/sites\/8\/2019\/07\/Gespr\u00e4chssituation-Sozialdienst.jpg-400x267.jpg 400w, https:\/\/www.clemensaugust.de\/franziskus\/wp-content\/uploads\/sites\/8\/2019\/07\/Gespr\u00e4chssituation-Sozialdienst.jpg-600x400.jpg 600w, https:\/\/www.clemensaugust.de\/franziskus\/wp-content\/uploads\/sites\/8\/2019\/07\/Gespr\u00e4chssituation-Sozialdienst.jpg-800x533.jpg 800w, https:\/\/www.clemensaugust.de\/franziskus\/wp-content\/uploads\/sites\/8\/2019\/07\/Gespr\u00e4chssituation-Sozialdienst.jpg-1200x800.jpg 1200w, https:\/\/www.clemensaugust.de\/franziskus\/wp-content\/uploads\/sites\/8\/2019\/07\/Gespr\u00e4chssituation-Sozialdienst.jpg.jpg 4000w\" sizes=\"(max-width: 800px) 100vw, 400px\" \/><\/a><\/span><\/div><\/div><div class=\"fusion-text fusion-text-4\"><p style=\"text-align: center\"><strong><a href=\"https:\/\/www.clemensaugust.de\/franziskus\/bewohnerorientierte-angebote\/\">Bewohnerorientierte Angebote <span class=\"redlink\">&gt;<\/span><\/a><\/strong><\/p>\n<\/div><div class=\"fusion-clearfix\"><\/div><\/div><\/div><\/div><\/div>\n<\/p>\n","protected":false},"excerpt":{"rendered":"","protected":false},"author":1,"featured_media":0,"parent":0,"menu_order":0,"comment_status":"closed","ping_status":"closed","template":"100-width.php","meta":{"footnotes":"","_links_to":"","_links_to_target":""},"_links":{"self":[{"href":"https:\/\/www.clemensaugust.de\/franziskus\/wp-json\/wp\/v2\/pages\/173"}],"collection":[{"href":"https:\/\/www.clemensaugust.de\/franziskus\/wp-json\/wp\/v2\/pages"}],"about":[{"href":"https:\/\/www.clemensaugust.de\/franziskus\/wp-json\/wp\/v2\/types\/page"}],"author":[{"embeddable":true,"href":"https:\/\/www.clemensaugust.de\/franziskus\/wp-json\/wp\/v2\/users\/1"}],"replies":[{"embeddable":true,"href":"https:\/\/www.clemensaugust.de\/franziskus\/wp-json\/wp\/v2\/comments?post=173"}],"version-history":[{"count":10,"href":"https:\/\/www.clemensaugust.de\/franziskus\/wp-json\/wp\/v2\/pages\/173\/revisions"}],"predecessor-version":[{"id":1218,"href":"https:\/\/www.clemensaugust.de\/franziskus\/wp-json\/wp\/v2\/pages\/173\/revisions\/1218"}],"wp:attachment":[{"href":"https:\/\/www.clemensaugust.de\/franziskus\/wp-json\/wp\/v2\/media?parent=173"}],"curies":[{"name":"wp","href":"https:\/\/api.w.org\/{rel}","templated":true}]}}